{"id":62,"date":"2022-11-08T10:55:38","date_gmt":"2022-11-08T13:55:38","guid":{"rendered":"https:\/\/comude.santarosa.rs.gov.br\/?page_id=62"},"modified":"2022-11-08T11:03:14","modified_gmt":"2022-11-08T14:03:14","slug":"relacao-de-conselheiros-2022","status":"publish","type":"page","link":"https:\/\/comude.santarosa.rs.gov.br\/?page_id=62","title":{"rendered":"Rela\u00e7\u00e3o de Conselheiros 2022"},"content":{"rendered":"\n<p><strong>COMUDE<\/strong><\/p>\n\n\n\n<p>Conselho Municipal de Desenvolvimento Econ\u00f4mico de Santa Rosa.<\/p>\n\n\n\n<p>Rela\u00e7\u00e3o de Conselheiros Representantes conforme Art. 10 da Lei Municipal N\u00ba 4541\/2009:<\/p>\n\n\n\n<figure class=\"wp-block-table\"><table><tbody><tr><td><strong>MEMBROS NATOS<\/strong><\/td><\/tr><tr><td><strong>Nome da Entidade<\/strong><\/td><td><strong>Titular<\/strong><\/td><td><strong>Suplente<\/strong><\/td><\/tr><tr><td>Prefeito Municipal<\/td><td>Anderson Mantei<\/td><td>Marcelo Sidnei Hoisler<\/td><\/tr><tr><td>Titulares do Poder Judici\u00e1rio&nbsp;<\/td><td>Impedido pela Legisla\u00e7\u00e3o<\/td><td>Impedido pela Legisla\u00e7\u00e3o<\/td><\/tr><tr><td>Titulares do Minist\u00e9rio P\u00fablico Estadual<\/td><td>Impedido pela Legisla\u00e7\u00e3o<\/td><td>Impedido pela Legisla\u00e7\u00e3o<\/td><\/tr><tr><td>Presidentes das Comiss\u00f5es Setoriais<\/td><td><\/td><td><\/td><\/tr><tr><td>Parlamentar Estadual com Domic\u00edlio no Munic\u00edpio<\/td><td>Jeferson Fernandes<\/td><td>A lei n\u00e3o prev\u00ea<\/td><\/tr><tr><td>Parlamentar Federal com domic\u00edlio no Munic\u00edpio<\/td><td>Osmar Terra<\/td><td>A lei n\u00e3o prev\u00ea<\/td><\/tr><tr><td><strong>SEIS REPRESENTANTES DAS CLASSES EMPREENDEDORAS, POR SUAS ASSOCIA\u00c7\u00d5ES OU SINDICATOS, URBANOS OU RURAIS<\/strong><\/td><\/tr><tr><td><strong>Nome da Entidade<\/strong><\/td><td><strong>Titular<\/strong><\/td><td><strong>Suplente<\/strong><\/td><\/tr><tr><td>SINDICONT\u00c1BIL<\/td><td>Nivea Goldschmidt Follmann&nbsp;<\/td><td>Neri Wietholter<\/td><\/tr><tr><td>APEA.SR<\/td><td>Talvane Engroff&nbsp;<\/td><td>Lucas Rafael Perini<\/td><\/tr><tr><td>SIMMME.SR<\/td><td>Nestor Neitzke&nbsp;&nbsp;<\/td><td>Alexandre Maronez<\/td><\/tr><tr><td>SINDUSCOM<\/td><td>Fernanda Dresch&nbsp;&nbsp;&nbsp;<\/td><td>Rodrigo Lu\u00eds Meinerz<\/td><\/tr><tr><td>SINTRALOG<\/td><td>Ernani Neri Kubitz&nbsp;&nbsp;<\/td><td>Arcanjo Schossler<\/td><\/tr><tr><td>SINDILOJAS<\/td><td>Otmar Vier&nbsp;&nbsp;<\/td><td>Wilson Wilmar Bourscheidt<\/td><\/tr><tr><td><strong>SEIS REPRESENTANTES DAS CLASSES TRABALHADORAS, POR SUAS ASSOCIA\u00c7\u00d5ES OU SINDICATOS, URBANOS OU RURAIS<\/strong><\/td><\/tr><tr><td><strong>Nome da Entidade<\/strong><\/td><td><strong>Titular<\/strong><\/td><td><strong>Suplente<\/strong><\/td><\/tr><tr><td>SINDISAUDE<\/td><td>Lino Jos\u00e9 Puhl&nbsp;<\/td><td>Alvair Vicente Dylly<\/td><\/tr><tr><td>Centro dos Professores do Estado do RS Sindicato dos Trabalhadores em Educa\u00e7\u00e3o<\/td><td>Glaci Paulina Krann<\/td><td>Eloisa Maria Womer<\/td><\/tr><tr><td>Sindicato dos Trabalhadores em Transportes<\/td><td>Rubi Zientarski<\/td><td>Paulo Edevino Levandowski<\/td><\/tr><tr><td>Sindicato dos Trabalhadores Rurais de Santa Rosa<\/td><td>Nelson Della Valli<\/td><td>Marcelo Matias Glass<\/td><\/tr><tr><td>ver<\/td><td>ver<\/td><td>ver<\/td><\/tr><tr><td>ver<\/td><td>ver<\/td><td>ver<\/td><\/tr><tr><td><strong>SEIS REPRESENTANTES DE ENTIDADES DA SOCIEDADE CIVIL, FORMALMENTE ORGANIZADAS, COM SEDE NO MUNIC\u00cdPIO<\/strong><\/td><\/tr><tr><td><strong>Nome da Entidade<\/strong><\/td><td><strong>Titular<\/strong><\/td><td><strong>Suplente<\/strong><\/td><\/tr><tr><td>ACISAP<\/td><td>Douglas Giordani&nbsp;&nbsp;<\/td><td>C\u00e1ssio Ricardo Feltes<\/td><\/tr><tr><td>AD\/FN<\/td><td>Rodrigo Soder&nbsp;&nbsp;<\/td><td>Lidia Linck Lagemann<\/td><\/tr><tr><td>INDUM\u00d3VEIS<\/td><td>Adelco Ant\u00f4nio F\u00fchr&nbsp;&nbsp;&nbsp;&nbsp;<\/td><td>Mogar Sincak<\/td><\/tr><tr><td>OBSERVAT\u00d3RIO SOCIAL<\/td><td>Clovis Molinari&nbsp;&nbsp;<\/td><td>Jos\u00e9 Dill<\/td><\/tr><tr><td>HOSPITAL VIDA SA\u00daDE<\/td><td>Elton Walker&nbsp;<\/td><td>Raul Heimerdinger<\/td><\/tr><tr><td>Associa\u00e7\u00e3o dos Suinocultores<\/td><td>Edson Ricardo Gross<\/td><td>Martin Alexander Riordan<\/td><\/tr><tr><td><strong>UM REPRESENTANTE DE CADA INSTITUI\u00c7\u00c3O DE ENSINO SUPERIOR COM CAMPUS NO MUNIC\u00cdPIO DE SANTA ROSA<\/strong><\/td><\/tr><tr><td><strong>Nome da Entidade<\/strong><\/td><td><strong>Titular<\/strong><\/td><td><strong>Suplente<\/strong><\/td><\/tr><tr><td>FEMA<\/td><td>Antonio Roberto Lausmann Ternes&nbsp;<\/td><td>C\u00e9sio Carlos Alb\u00eaa<\/td><\/tr><tr><td>UNIJUI<\/td><td>Giuliano Crauss Daronco&nbsp;&nbsp;&nbsp;&nbsp;<\/td><td>Daniel Dallalba<\/td><\/tr><tr><td>IFFar<\/td><td>Adriana Aparecida Hansel Michelotti&nbsp;&nbsp;<\/td><td>Magnus Jaime Scheffler<\/td><\/tr><tr><td><strong>UM REPRESENTANTE DE CADA SEGMENTO DAS COOPERATIVAS COM SEDE NO MUNIC\u00cdPIO DE SANTA ROSA<\/strong><\/td><\/tr><tr><td><strong>Nome da Entidade<\/strong><\/td><td><strong>Titular<\/strong><\/td><td><strong>Suplente<\/strong><\/td><\/tr><tr><td>COTRIROSA<\/td><td>Claudia Luciana Arenhardt<\/td><td>Dionice Hippler<\/td><\/tr><tr><td>COOPERLUZ<\/td><td>Jaime Roberto Fabr\u00edcio<\/td><td>Arlindo Hillebrand<\/td><\/tr><tr><td>COOPERCONC\u00d3RDIA<\/td><td>Alexandre Dall\u2019agnese<\/td><td>Tiago Moroni de Souza<\/td><\/tr><tr><td>SICREDI<\/td><td>Sidnei Strejevitch<\/td><td>Giovani John<\/td><\/tr><tr><td><strong>DOIS CIDAD\u00c3OS DO MUNIC\u00cdPIO QUE, POR SUA ATUA\u00c7\u00c3O, TENHAM CONCRETIZADO SIGNIFICATIVA CONTRIBUI\u00c7\u00c3O A ESTA SOCIEDADE.<\/strong><\/td><\/tr><tr><td><strong>Nome da Entidade<\/strong><\/td><td><strong>Titular<\/strong><\/td><td><strong>Suplente<\/strong><\/td><\/tr><tr><td>CIDAD\u00c3O 1<\/td><td>Odaylson Eder<\/td><td>A lei n\u00e3o prev\u00ea<\/td><\/tr><tr><td>CIDAD\u00c3O 2<\/td><td>Euclides Spies<\/td><td>A lei n\u00e3o prev\u00ea<\/td><\/tr><\/tbody><\/table><\/figure>\n","protected":false},"excerpt":{"rendered":"<p>COMUDE Conselho Municipal de Desenvolvimento Econ\u00f4mico de Santa Rosa. Rela\u00e7\u00e3o de Conselheiros Representantes conforme Art. 10 da Lei Municipal N\u00ba 4541\/2009: MEMBROS NATOS Nome da Entidade Titular Suplente Prefeito Municipal [&hellip;]<\/p>\n","protected":false},"author":2,"featured_media":0,"parent":18,"menu_order":0,"comment_status":"closed","ping_status":"closed","template":"","meta":[],"_links":{"self":[{"href":"https:\/\/comude.santarosa.rs.gov.br\/index.php?rest_route=\/wp\/v2\/pages\/62"}],"collection":[{"href":"https:\/\/comude.santarosa.rs.gov.br\/index.php?rest_route=\/wp\/v2\/pages"}],"about":[{"href":"https:\/\/comude.santarosa.rs.gov.br\/index.php?rest_route=\/wp\/v2\/types\/page"}],"author":[{"embeddable":true,"href":"https:\/\/comude.santarosa.rs.gov.br\/index.php?rest_route=\/wp\/v2\/users\/2"}],"replies":[{"embeddable":true,"href":"https:\/\/comude.santarosa.rs.gov.br\/index.php?rest_route=%2Fwp%2Fv2%2Fcomments&post=62"}],"version-history":[{"count":1,"href":"https:\/\/comude.santarosa.rs.gov.br\/index.php?rest_route=\/wp\/v2\/pages\/62\/revisions"}],"predecessor-version":[{"id":63,"href":"https:\/\/comude.santarosa.rs.gov.br\/index.php?rest_route=\/wp\/v2\/pages\/62\/revisions\/63"}],"up":[{"embeddable":true,"href":"https:\/\/comude.santarosa.rs.gov.br\/index.php?rest_route=\/wp\/v2\/pages\/18"}],"wp:attachment":[{"href":"https:\/\/comude.santarosa.rs.gov.br\/index.php?rest_route=%2Fwp%2Fv2%2Fmedia&parent=62"}],"curies":[{"name":"wp","href":"https:\/\/api.w.org\/{rel}","templated":true}]}}

Relação de Conselheiros 2022

<p><strong>COMUDE</strong></p>



<p>Conselho Municipal de Desenvolvimento Econômico de Santa Rosa.</p>



<p>Relação de Conselheiros Representantes conforme Art. 10 da Lei Municipal Nº 4541/2009:</p>



<figure class="wp-block-table"><table><tbody><tr><td><strong>MEMBROS NATOS</strong></td></tr><tr><td><strong>Nome da Entidade</strong></td><td><strong>Titular</strong></td><td><strong>Suplente</strong></td></tr><tr><td>Prefeito Municipal</td><td>Anderson Mantei</td><td>Marcelo Sidnei Hoisler</td></tr><tr><td>Titulares do Poder Judiciário&nbsp;</td><td>Impedido pela Legislação</td><td>Impedido pela Legislação</td></tr><tr><td>Titulares do Ministério Público Estadual</td><td>Impedido pela Legislação</td><td>Impedido pela Legislação</td></tr><tr><td>Presidentes das Comissões Setoriais</td><td></td><td></td></tr><tr><td>Parlamentar Estadual com Domicílio no Município</td><td>Jeferson Fernandes</td><td>A lei não prevê</td></tr><tr><td>Parlamentar Federal com domicílio no Município</td><td>Osmar Terra</td><td>A lei não prevê</td></tr><tr><td><strong>SEIS REPRESENTANTES DAS CLASSES EMPREENDEDORAS, POR SUAS ASSOCIAÇÕES OU SINDICATOS, URBANOS OU RURAIS</strong></td></tr><tr><td><strong>Nome da Entidade</strong></td><td><strong>Titular</strong></td><td><strong>Suplente</strong></td></tr><tr><td>SINDICONTÁBIL</td><td>Nivea Goldschmidt Follmann&nbsp;</td><td>Neri Wietholter</td></tr><tr><td>APEA.SR</td><td>Talvane Engroff&nbsp;</td><td>Lucas Rafael Perini</td></tr><tr><td>SIMMME.SR</td><td>Nestor Neitzke&nbsp;&nbsp;</td><td>Alexandre Maronez</td></tr><tr><td>SINDUSCOM</td><td>Fernanda Dresch&nbsp;&nbsp;&nbsp;</td><td>Rodrigo Luís Meinerz</td></tr><tr><td>SINTRALOG</td><td>Ernani Neri Kubitz&nbsp;&nbsp;</td><td>Arcanjo Schossler</td></tr><tr><td>SINDILOJAS</td><td>Otmar Vier&nbsp;&nbsp;</td><td>Wilson Wilmar Bourscheidt</td></tr><tr><td><strong>SEIS REPRESENTANTES DAS CLASSES TRABALHADORAS, POR SUAS ASSOCIAÇÕES OU SINDICATOS, URBANOS OU RURAIS</strong></td></tr><tr><td><strong>Nome da Entidade</strong></td><td><strong>Titular</strong></td><td><strong>Suplente</strong></td></tr><tr><td>SINDISAUDE</td><td>Lino José Puhl&nbsp;</td><td>Alvair Vicente Dylly</td></tr><tr><td>Centro dos Professores do Estado do RS Sindicato dos Trabalhadores em Educação</td><td>Glaci Paulina Krann</td><td>Eloisa Maria Womer</td></tr><tr><td>Sindicato dos Trabalhadores em Transportes</td><td>Rubi Zientarski</td><td>Paulo Edevino Levandowski</td></tr><tr><td>Sindicato dos Trabalhadores Rurais de Santa Rosa</td><td>Nelson Della Valli</td><td>Marcelo Matias Glass</td></tr><tr><td>ver</td><td>ver</td><td>ver</td></tr><tr><td>ver</td><td>ver</td><td>ver</td></tr><tr><td><strong>SEIS REPRESENTANTES DE ENTIDADES DA SOCIEDADE CIVIL, FORMALMENTE ORGANIZADAS, COM SEDE NO MUNICÍPIO</strong></td></tr><tr><td><strong>Nome da Entidade</strong></td><td><strong>Titular</strong></td><td><strong>Suplente</strong></td></tr><tr><td>ACISAP</td><td>Douglas Giordani&nbsp;&nbsp;</td><td>Cássio Ricardo Feltes</td></tr><tr><td>AD/FN</td><td>Rodrigo Soder&nbsp;&nbsp;</td><td>Lidia Linck Lagemann</td></tr><tr><td>INDUMÓVEIS</td><td>Adelco Antônio Führ&nbsp;&nbsp;&nbsp;&nbsp;</td><td>Mogar Sincak</td></tr><tr><td>OBSERVATÓRIO SOCIAL</td><td>Clovis Molinari&nbsp;&nbsp;</td><td>José Dill</td></tr><tr><td>HOSPITAL VIDA SAÚDE</td><td>Elton Walker&nbsp;</td><td>Raul Heimerdinger</td></tr><tr><td>Associação dos Suinocultores</td><td>Edson Ricardo Gross</td><td>Martin Alexander Riordan</td></tr><tr><td><strong>UM REPRESENTANTE DE CADA INSTITUIÇÃO DE ENSINO SUPERIOR COM CAMPUS NO MUNICÍPIO DE SANTA ROSA</strong></td></tr><tr><td><strong>Nome da Entidade</strong></td><td><strong>Titular</strong></td><td><strong>Suplente</strong></td></tr><tr><td>FEMA</td><td>Antonio Roberto Lausmann Ternes&nbsp;</td><td>Césio Carlos Albêa</td></tr><tr><td>UNIJUI</td><td>Giuliano Crauss Daronco&nbsp;&nbsp;&nbsp;&nbsp;</td><td>Daniel Dallalba</td></tr><tr><td>IFFar</td><td>Adriana Aparecida Hansel Michelotti&nbsp;&nbsp;</td><td>Magnus Jaime Scheffler</td></tr><tr><td><strong>UM REPRESENTANTE DE CADA SEGMENTO DAS COOPERATIVAS COM SEDE NO MUNICÍPIO DE SANTA ROSA</strong></td></tr><tr><td><strong>Nome da Entidade</strong></td><td><strong>Titular</strong></td><td><strong>Suplente</strong></td></tr><tr><td>COTRIROSA</td><td>Claudia Luciana Arenhardt</td><td>Dionice Hippler</td></tr><tr><td>COOPERLUZ</td><td>Jaime Roberto Fabrício</td><td>Arlindo Hillebrand</td></tr><tr><td>COOPERCONCÓRDIA</td><td>Alexandre Dall’agnese</td><td>Tiago Moroni de Souza</td></tr><tr><td>SICREDI</td><td>Sidnei Strejevitch</td><td>Giovani John</td></tr><tr><td><strong>DOIS CIDADÃOS DO MUNICÍPIO QUE, POR SUA ATUAÇÃO, TENHAM CONCRETIZADO SIGNIFICATIVA CONTRIBUIÇÃO A ESTA SOCIEDADE.</strong></td></tr><tr><td><strong>Nome da Entidade</strong></td><td><strong>Titular</strong></td><td><strong>Suplente</strong></td></tr><tr><td>CIDADÃO 1</td><td>Odaylson Eder</td><td>A lei não prevê</td></tr><tr><td>CIDADÃO 2</td><td>Euclides Spies</td><td>A lei não prevê</td></tr></tbody></table></figure>

<p>COMUDE Conselho Municipal de Desenvolvimento Econômico de Santa Rosa. Relação de Conselheiros Representantes conforme Art. 10 da Lei Municipal Nº 4541/2009: MEMBROS NATOS Nome da Entidade Titular Suplente Prefeito Municipal [&hellip;]</p>
